
Let a be 1 + 9/(-18) - 7795/(-10). What is the highest common factor of a and 10?
10
Suppose -56*b + 55*b + 3*g = -195, -3*b + 5*g + 565 = 0. What is the greatest common factor of 480 and b?
60
Let o = 9 - -106. Suppose -2*a = -5*j - 70 - 88, -2*j - 215 = -3*a. Calculate the highest common divisor of a and o.
23
Let w be ((-112)/(-2) - 6)*((-123)/15 - -9). What is the highest common factor of w and 29720?
40
Let x(b) = 2*b**2 + 514*b - 1530. Let d be x(3). Let a = -342 - -597. What is the highest common factor of d and a?
15
Let g = 116 - 114. Let m be (125/g)/((-11)/(-22)). Calculate the highest common factor of 25 and m.
25
Let j(y) = 74*y - 2 - 5 - 5. Let p(a) = -73*a + 13. Let x(u) = 4*j(u) + 5*p(u). Let q be x(-3). What is the highest common factor of 32 and q?
32
Let a(d) = 48*d + 208. Let q be a(15). Calculate the greatest common divisor of 8 and q.
8
Suppose -5*h - 121 = 49. Let v = h + 39. Suppose v*d + 5 - 50 = 0. Calculate the highest common factor of d and 27.
9
Suppose 2*b = 5*b + 9, 0 = -4*t - 5*b + 741. Let d be 13/(78/18) + 39. What is the greatest common factor of d and t?
21
Let r(p) = 132*p - 3012. Let x be r(29). What is the greatest common divisor of x and 648?
24
Let x(p) = 3*p - 7. Let f be x(6). Let o = -6 + f. Suppose 168*m - 262 - 74 = 0. Calculate the highest common factor of m and o.
1
Let k = 2004 - 1893. Let b = 327 + -142. Calculate the greatest common divisor of k and b.
37
Let s be 2/(-1)*(-23 + 25). Let y(t) = -2*t**3 - 3*t**2 + 15*t + 52. Let m be y(s). What is the highest common factor of 63 and m?
9
Suppose 197*m = 4643 - 264 - 242. What is the greatest common divisor of m and 7329?
21
Let p(y) = 198*y - 26. Let c be p(2). Suppose 16*s - 15*s = -3*x + 102, -9 = 3*x. What is the greatest common factor of c and s?
37
Suppose 2 = 138*r - 137*r. Let z be 18/1 - (r + 0 + 0). What is the greatest common factor of 40 and z?
8
Suppose 5*h + 3676 = 6*h - 3056. What is the greatest common factor of 198 and h?
198
Suppose -58*g - 37 + 617 = 0. What is the greatest common factor of 790 and g?
10
Suppose -5*w + w + 200 = 0. Let l(b) = -186*b + 2121. Let j be l(11). What is the greatest common factor of w and j?
25
Suppose 184*f - 19327 = -33*f + 452214. Calculate the highest common factor of 369 and f.
41
Suppose -11*w = -57 - 75. Let s be -3 + -9*-3*(-8)/(-18). Calculate the greatest common divisor of w and s.
3
Let o be (-224)/(-42)*(3252/54 - (-2)/(-9)). Calculate the greatest common factor of 880 and o.
80
Let y = -22 - -22. Suppose -3*n + 52 - 4 = y. Let l be 2 + (48 + 4 - -10). Calculate the highest common factor of l and n.
16
Suppose -2*r + 13156 = 3*i, 0 = 2*r + 763 - 761. What is the highest common divisor of 344 and i?
86
Let y(x) = 37*x**2 - 86*x + 85. Let b be y(1). What is the highest common divisor of b and 366?
6
Let h(n) = n**2 + 9*n + 35. Let y be h(-6). Let c(j) = 29*j**2 - 3*j - 3. Let x be c(-2). Calculate the highest common factor of x and y.
17
Let l = 133 - 41. Let s be (552/18)/(16/36). Calculate the greatest common divisor of l and s.
23
Suppose 2958 = 8*l + 2670. What is the highest common factor of 1737 and l?
9
Let o be 0*3/(6*-1) + -6. Let s(l) = -5*l + 75. Let b be s(o). Let x be 0/3 + -1 + 43. Calculate the greatest common divisor of b and x.
21
Suppose 5*n = i - 2494, -3*n - 365 = 4*i + 1113. Let r be 1/(-5) - n/15. What is the highest common factor of 132 and r?
33
Let b(a) = 22*a**3 - 25*a**2 - 33*a + 4. Let d be b(3). Calculate the highest common factor of d and 10275.
137
Let k(z) = -6*z**2 + 55*z - 47. Let d be k(2). Let i be (-2)/(-3) - (-3974)/6. Calculate the greatest common divisor of i and d.
39
Let l = -606 - -608. Suppose 2*z + 225 - 619 = l*v, 399 = 2*z - 3*v. Calculate the greatest common factor of z and 128.
64
Suppose 5*h - 3*p = 21857, 4*h + p - 17460 = -3*p. What is the highest common factor of h and 34?
17
Suppose -b + 6*b = -3*h + 2914, b - 3857 = -4*h. Suppose -91 = 31*m - 67 - 303. Calculate the greatest common divisor of m and h.
9
Suppose -m + 4 = 2*f + m, 3*f + 2*m = 1. Let l be f/12 - ((-87)/12 - -3). Suppose -l = 3*k - 5*k. Calculate the greatest common factor of 18 and k.
2
Let k = 7 - -1. Suppose 0 = 6*g - 38 - 40. Suppose 224 = -9*v + g*v. What is the greatest common factor of v and k?
8
Let a(q) = q**3 + 24*q**2 - 91*q + 21. Let j be a(6). Calculate the highest common divisor of 1221 and j.
111
Let x = 5810 - 5786. What is the highest common factor of x and 436?
4
Let h be 12/(1 + 22/(-28)). Suppose l - h = -l. Suppose 19*q = 1614 - 18. Calculate the highest common factor of q and l.
28
Suppose -i + 1994 = -5*u, 0 = 4*u - u - 4*i + 1193. Let b = -378 - u. Calculate the greatest common factor of b and 651.
21
Let r(b) be the second derivative of 2*b**4 + b**3 - 48*b + 2. Let p be r(-4). Calculate the highest common factor of p and 80.
40
Suppose 214*h + 9926 - 39737 = 14059. What is the highest common factor of 2091 and h?
41
Let z = -51964 + 52024. Let u(f) = 4*f**2 - 7*f - 2. Let q be u(6). What is the greatest common divisor of z and q?
20
Suppose -5*k - 2*h - 586 = 0, 4*k + 480 = -0*k + 4*h. Let p = k - -213. What is the highest common factor of p and 5?
5
Let w = -59608 + 106213. What is the greatest common factor of 65 and w?
65
Suppose 5*n + 2342 = 26*n + 116. What is the highest common divisor of n and 8?
2
Let n(q) = 1454*q + 4364. Let p be n(-3). Let y = -2 + 3. Calculate the greatest common factor of y and p.
1
Suppose -4094 = -7*f + 11741 + 8252. Calculate the highest common factor of 372 and f.
93
Let p be 2 + 1 + (9 - 11). Let q be ((-4956)/885)/(-1*p/15). Let s = 37 - 16. Calculate the highest common factor of q and s.
21
Let m(i) = -i**3 - 6*i**2 - 4*i + 6. Let b be m(-6). Let w be (-4)/3 - (-139812)/1719. Calculate the highest common divisor of b and w.
10
Suppose 3*k - 135 = -3*z, -4*k + 2*z = -k - 135. Let g = 593 - 355. Let n be 6/24 + g/8. Calculate the greatest common factor of k and n.
15
Let g be ((192/10)/4)/((-189)/(-1260)). Suppose 5*f - 1202 - 238 = 0. What is the highest common divisor of f and g?
32
Suppose -4*r = -3*h - 701, 5*r = -0*h + 5*h + 875. Suppose -19*d + 17*d = -r. What is the greatest common factor of 11 and d?
11
Suppose 19 = -h - 4*d + 10, -2*h = 5*d - 9. What is the highest common factor of h and 33345?
27
Suppose -4*g - 47 = -67. Calculate the greatest common factor of 690 and g.
5
Suppose d - 5*y = 195, 9*d = y + 1003 + 972. Suppose 2*i + g - 347 = 0, -2*i - i + 543 = -3*g. What is the greatest common factor of d and i?
44
Let p(n) = -n**2 - 29*n - 38. Let x be p(-25). Let m = -274 + 460. What is the greatest common factor of m and x?
62
Suppose 16*m = 20*m + 4. Let j be (m/(6/4))/((-48)/10584). What is the highest common factor of 3 and j?
3
Let y(a) = 27*a**2 - 7*a + 13. Let w be y(3). Suppose -2*v - 105 + 293 = -4*j, 5*j = 3*v - w. Let l = j + 68. Calculate the greatest common factor of 84 and l.
21
Let s be (6/(-4))/((-2)/48 - 0). Suppose s - 43 = -z. Let n be z/((21/(-9))/(-7)). What is the greatest common factor of 105 and n?
21
Let n be (-9)/(54/(-12)) + -1. Let z be -4*4/4 - n*-22. What is the greatest common divisor of 90 and z?
18
Let s = -1267 + 2185. Suppose -5*p + 968 - s = 0. Let c be 13/((-1)/(-20)*2). What is the greatest common divisor of p and c?
10
Suppose -6*t + 15084 = -4122. What is the greatest common factor of 33 and t?
33
Suppose 2*w = 3*u - 280, -33*w + 38*w + 3*u = -700. Let q be w/(-1)*(-136)/(-85). What is the greatest common divisor of 32 and q?
32
Suppose 7*m - 11 = -11. Suppose m = -20*l + 12*l + 120. What is the greatest common divisor of l and 75?
15
Let h = 24648 + -19795. Calculate the greatest common factor of 23 and h.
23
Let x be (-7 + 232/56)*(-42)/4. Let g(u) = -11*u + 3. Let d be g(-12). Calculate the highest common divisor of x and d.
15
Suppose 95 = 18*r - 49. Let a = -1 - 1. Let s(q) = 14*q**2. Let o be s(a). Calculate the greatest common divisor of o and r.
8
Let o = 116 - 112. Let p be (8 + -10)/(o/(-10)). Calculate the highest common divisor of p and 125.
5
Let x(a) = 88*a**3 + 18*a**2 - 20*a + 1. Let j be x(1). What is the highest common factor of j and 5945?
29
Let z = -9 + 14. Suppose -2*h + z*p = 7 + 1, 0 = -5*p + 10. Let y be h/((-1)/(-176))*1. What is t